eatest common factor of 5880 and 135528?
24
What is the greatest common factor of 109185409 and 8066?
4033
What is the highest common factor of 2921349879 and 4221?
4221
What is the highest common divisor of 5921 and 3185116?
191
Calculate the highest common divisor of 140101 and 885729.
169
What is the greatest common divisor of 38 and 225538?
2
Calculate the greatest common factor of 3960 and 3255780.
660
Calculate the greatest common factor of 68316 and 25658351.
5693
What is the greatest common divisor of 5827228200 and 8650?
8650
What is the highest common divisor of 1032526467 and 54?
27
Calculate the highest common factor of 636744 and 29928.
1032
What is the greatest common factor of 54 and 1538775981?
27
What is the highest common factor of 270 and 1097505?
45
What is the greatest common factor of 18706892 and 1720?
172
What is the highest common divisor of 135 and 28148697?
9
What is the highest common factor of 1001 and 66382085?
77
What is the highest common divisor of 135122 and 10634?
26
What is the highest common divisor of 172315 and 4587?
11
What is the highest common factor of 2346405 and 94620?
285
Calculate the highest common factor of 978 and 9483340.
326
What is the greatest common divisor of 262491 and 565023?
4449
What is the greatest common divisor of 56996390 and 12350?
190
What is the highest common divisor of 6603 and 67491464?
2201
Calculate the highest common divisor of 975 and 162123.
39
Calculate the highest common factor of 310 and 12463680.
10
What is the highest common divisor of 149138314 and 1768?
442
Calculate the greatest common factor of 944757 and 297.
297
Calculate the greatest common factor of 3940352 and 6139904.
4096
Calculate the greatest common divisor of 1452 and 12932238.
726
Calculate the greatest common factor of 25133 and 2144887.
613
What is the highest common divisor of 15524891 and 4436?
1109
Calculate the greatest common factor of 208243 and 35287.
497
Calculate the greatest common factor of 6112 and 1668767.
191
What is the highest common divisor of 294670 and 3483820?
3730
Calculate the greatest common factor of 16063074 and 10470.
2094
What is the highest common factor of 251600 and 6546632?
5032
Calculate the greatest common divisor of 4649113 and 6027.
287
What is the greatest common factor of 48458 and 162?
2
What is the greatest common factor of 2592 and 45148?
4
Calculate the greatest common divisor of 26988872 and 44.
4
Calculate the greatest common factor of 845 and 21507785.
845
Calculate the greatest common factor of 9924 and 228.
12
What is the highest common factor of 388 and 23434036?
388
What is the greatest common factor of 3069 and 22114026?
99
What is the greatest common divisor of 5 and 207930635?
5
Calculate the greatest common factor of 1342350 and 8.
2
What is the greatest common factor of 54 and 41917356?
18
What is the highest common divisor of 2736 and 2773620?
684
What is the greatest common divisor of 28577 and 1989935?
697
Calculate the highest common divisor of 12674492 and 4724.
4724
What is the highest common factor of 106222 and 1050802?
346
Calculate the greatest common factor of 114582 and 536302.
26
What is the greatest common divisor of 18468 and 50388?
228
What is the highest common factor of 41272862 and 52546?
4042
What is the greatest common divisor of 398736 and 8712?
72
What is the highest common factor of 25 and 17391050?
25
What is the highest common factor of 31839826 and 1752?
146
Calculate the greatest common divisor of 7194 and 40590.
66
Calculate the greatest common divisor of 19617 and 3549.
39
What is the highest common factor of 1992621 and 890?
89
What is the greatest common factor of 95370 and 127270?
110
What is the highest common factor of 773072 and 23256?
152
What is the highest common divisor of 18 and 17028054?
18
Calculate the greatest common factor of 1006456192 and 6888.
2296
Calculate the highest common divisor of 13750560 and 360.
360
Calculate the greatest common divisor of 1333920 and 54656.
224
Calculate the highest common divisor of 157126 and 346804.
626
Calculate the highest common factor of 288568557 and 17.
17
What is the greatest common divisor of 407851 and 1282975?
2701
What is the greatest common factor of 435236 and 218996?
212
What is the highest common factor of 1021598935 and 190?
95
What is the greatest common divisor of 797808 and 8592?
48
Calculate the highest common divisor of 2557690 and 6403010.
2510
Calculate the highest common divisor of 170476 and 594159.
2507
Calculate the highest common divisor of 247860 and 448380.
180
Calculate the greatest common factor of 444544 and 70288.
368
What is the highest common factor of 4728 and 95144?
8
What is the highest common divisor of 20967320 and 5?
5
What is the greatest common factor of 2297 and 228393007?
2297
What is the greatest common factor of 31784079 and 23454?
3909
What is the greatest common divisor of 54984 and 386073?
237
Calculate the greatest common factor of 950208405 and 2010.
1005
Calculate the greatest common factor of 4587002 and 938.
14
What is the greatest common factor of 789352343 and 787?
787
What is the highest common factor of 5 and 1329870935?
5
What is the greatest common factor of 84000 and 6475?
175
What is the greatest common divisor of 5751 and 5209065?
9
What is the highest common factor of 35022 and 15272286?
2694
What is the highest common factor of 3696854 and 24157?
833
What is the highest common factor of 3975653 and 306962?
4951
What is the highest common divisor of 285 and 1397735?
95
Calculate the greatest common divisor of 1217210382 and 54.
54
Calculate the greatest common divisor of 360 and 6721930.
10
Calculate the greatest common divisor of 708 and 31411954.
118
What is the greatest common divisor of 120 and 93546540?
60
What is the highest common factor of 2736 and 8469?
9
What is the greatest common divisor of 7634060 and 12710?
310
What is the highest common divisor of 63987 and 2021481?
231
Calculate the greatest common factor of 204091320 and 960.
120
Calculate the greatest common factor of 4491320 and 360.
40
What is the greatest common factor of 146294010 and 3060?
1530
Calculate the highest common divisor of 4803836 and 72.
4
Calculate the greatest common factor of 600915 and 1785.
105
Calculate the greatest common divisor of 432 and 11521944.
72
What is the highest common divisor of 4686185 and 10696?
1337
Calculate the greatest common factor of 126056 and 225736.
56
Calculate the greatest common factor of 23952425 and 1225.
1225
What is the highest common factor of 272 and 27284864?
272
What is the greatest common divisor of 126145860 and 780?
60
Calculate the greatest common divisor of 295756 and 6.
2
What is the highest common divisor of 233437593 and 24865?
4973
What is the highest common factor of 5841 and 21076?
11
What is the highest common factor of 2049140 and 10237?
29
Calculate the highest common factor of 5480 and 2388040.
40
What is the greatest common divisor of 1250336 and 333550?
1906
What is the greatest common factor of 31708746 and 486?
162
What is the greatest common factor of 90 and 157065?
15
Calculate the greatest common divisor of 10889 and 128.
1
What is the greatest common factor of 22556233 and 7?
7
Calculate the highest common divisor of 4142 and 8885026.
218
Calculate the greatest common factor of 7 and 325046.
1
What is the greatest common divisor of 17904740 and 4760?
2380
What is the highest common divisor of 283536 and 1474?
22
What is the greatest common factor of 38141 and 5375?
43
Calculate the greatest common factor of 25060 and 125524.
28
What is the highest common factor of 1422330723 and 2871?
2871
What is the highest common divisor of 23955436 and 868?
124
What is the greatest common divisor of 21936 and 51368?
8
What is the highest common divisor of 126400 and 820050?
50
Calculate the greatest common factor of 23806913 and 13.
13
What is the greatest common divisor of 88152 and 5256?
24
What is the highest common divisor of 27050498 and 956?
478
Calculate the greatest common factor of 3216 and 51548661.
201
What is the greatest common factor of 4218734 and 400478?
5486
Calculate the highest common divisor of 68061 and 22016113.
3241
Calculate the greatest co